43
Convert -baa1 (base 13) to base 11.
-18586
Convert 46511 (base 7) to base 6.
131055
What is 1fc (base 16) in base 3?
200211
458 (base 15) to base 4
33113
949 (base 15) to base 13
c51
What is 5da6 (base 16) in base 3?
1012212221
Convert -10010122101 (base 3) to base 2.
-1111000100001001
141155 (base 7) to base 16
68db
1966 (base 11) to base 14
ca0
What is 1ba3 (base 12) in base 2?
110101101011
What is -2021102 (base 3) in base 9?
-2242
Convert -3302333 (base 4) to base 13.
-7103
What is 1403 (base 7) in base 3?
202002
What is 2861 (base 15) in base 13?
3c19
Convert 1402 (base 14) to base 15.
10a5
-1055 (base 9) to base 11
-649
3542 (base 13) to base 4
1311002
Convert -110112 (base 3) to base 4.
-11102
What is 11011000110111 (base 2) in base 6?
144131
520 (base 6) to base 13
11a
534 (base 6) to base 3
21111
Convert -2a2e (base 15) to base 16.
-2354
Convert -111110010011 (base 2) to base 15.
-12ac
Convert -6993 (base 12) to base 10.
-11775
Convert -4220 (base 10) to base 6.
-31312
Convert -953 (base 13) to base 5.
-22324
-1002111 (base 3) to base 15
-381
-252330 (base 7) to base 5
-2441343
Convert -55a (base 12) to base 8.
-1426
What is a3 (base 16) in base 10?
163
30413 (base 6) to base 2
111111001001
-2000122 (base 3) to base 7
-4205
-201002 (base 3) to base 13
-308
What is 74663 (base 8) in base 4?
13212303
What is -301 (base 5) in base 12?
-64
Convert 1000000000 (base 2) to base 7.
1331
Convert 82d (base 14) to base 9.
2177
What is -2004 (base 6) in base 7?
-1162
Convert ce (base 16) to base 9.
248
What is 137 (base 13) in base 12?
15b
-2202120 (base 3) to base 7
-5604
-9836 (base 12) to base 9
-24866
What is -375 (base 11) in base 16?
-1bd
Convert -85 (base 15) to base 8.
-175
What is -4181 (base 16) in base 11?
-11665
-1500 (base 6) to base 2
-110001100
-6ad (base 15) to base 14
-7a1
What is 1664 (base 9) in base 14?
66d
What is 1a903 (base 11) in base 9?
43750
What is -214311 (base 7) in base 5?
-2200132
3363 (base 15) to base 10
10893
What is -3f3 (base 16) in base 10?
-1011
102460 (base 8) to base 14
c5d6
What is 1117 (base 12) in base 3?
2121001
1612 (base 11) to base 10
2070
What is 1100101100101 (base 2) in base 11?
4980
What is c7eb (base 16) in base 12?
2574b
Convert 6127 (base 16) to base 15.
7581
What is 110011001011011 (base 2) in base 12?
131b7
Convert 99 (base 16) to base 12.
109
What is -b60 (base 13) in base 12?
-1155
Convert -1467 (base 9) to base 13.
-679
What is -8423 (base 14) in base 11?
-16118
80b9 (base 13) to base 7
102454
What is -6235 (base 10) in base 4?
-1201123
What is 96 (base 15) in base 16?
8d
Convert -1122120 (base 3) to base 2.
-10010110011
-1001100010110 (base 2) to base 6
-34342
Convert -730 (base 11) to base 6.
-4024
Convert -2324 (base 6) to base 14.
-2ba
16a (base 16) to base 2
101101010
What is 228 (base 15) in base 6?
2132
93 (base 11) to base 10
102
What is -1b858 (base 12) in base 8?
-120004
Convert 1237 (base 14) to base 11.
2436
Convert 3540 (base 15) to base 14.
419c
-101223 (base 4) to base 15
-506
Convert -f2c (base 16) to base 4.
-330230
What is 5b8 (base 12) in base 8?
1534
Convert -228 (base 13) to base 4.
-11310
-7c11 (base 13) to base 4
-10100031
-11010110 (base 2) to base 7
-424
What is -140 (base 13) in base 12?
-165
What is 323 (base 15) in base 7?
2031
Convert 12010212 (base 3) to base 10.
3749
What is 12002212 (base 3) in base 16?
e8a
What is -be6 (base 15) in base 9?
-3620
-1a0cc (base 14) to base 2
-10000000111110100
684 (base 12) to base 6
4244
-9290 (base 11) to base 16
-3020
Convert -3205 (base 6) to base 3.
-222212
What is -2555 (base 9) in base 13?
-b42
Convert 1000110101101 (base 2) to base 10.
4525
What is 102122212 (base 3) in base 8?
20465
Convert -2103231 (base 4) to base 6.
-111433
What is -1001000000 (base 2) in base 12?
-400
Convert -676 (base 14) to base 4.
-110000
Convert 1552 (base 6) to base 15.
1d8
What is 892 (base 11) in base 4?
100231
What is 10324 (base 9) in base 7?
25621
Convert -4873 (base 10) to base 7.
-20131
-354 (base 7) to base 3
-20220
What is 21534 (base 6) in base 5?
44020
What is -1c1 (base 15) in base 7?
-1120
Convert 963 (base 11) to base 10.
1158
2e5 (base 15) to base 3
220122
Convert 4bb4 (base 12) to base 3.
102211201
What is 24210 (base 5) in base 16?
70d
-a56 (base 16) to base 15
-bb6
What is -7b4 (base 12) in base 14?
-5ba
What is 1000010011100111 (base 2) in base 6?
421303
What is 2d1 (base 14) in base 7?
1451
Convert -321 (base 7) to base 2.
-10100010
-10222222 (base 3) to base 15
-ce5
What is 31cb (base 14) in base 10?
8607
What is 343 (base 16) in base 14?
439
Convert -211 (base 7) to base 13.
-82
What is -111202 (base 3) in base 13?
-227
What is -12221021 (base 3) in base 4?
-1003213
-303 (base 14) to base 15
-296
-1171 (base 11) to base 8
-2772
What is -104 (base 10) in base 7?
-206
Convert -20202 (base 6) to base 3.
-10122202
1141 (base 5) to base 8
253
Convert 107 (base 13) to base 10.
176
What is -9077 (base 10) in base 5?
-242302
Convert -253 (base 6) to base 4.
-1221
What is 18a (base 14) in base 13?
1b6
What is 111220 (base 4) in base 9?
1807
-22443 (base 5) to base 15
-733
Convert -34f (base 16) to base 9.
-1141
139 (base 14) to base 11
205
Convert -195 (base 13) to base 11.
-245
Convert -104 (base 8) to base 15.
-48
What is -2043a (base 12) in base 15?
-c714
Convert -650 (base 12) to base 7.
-2460
Convert 303 (base 6) to base 5.
421
4185 (base 12) to base 14
2873
Convert -2574 (base 11) to base 4.
-310110
What is -1114333 (base 6) in base 3?
-2212210210
-788c (base 13) to base 5
-1014342
Convert e8ba (base 16) to base 15.
129bd
What is 570d (base 16) in base 13?
a1b3
1101111011011 (base 2) to base 15
21a6
-1388 (base 11) to base 12
-1052
What is 21221 (base 3) in base 4?
3112
Convert 26b (base 13) to base 2.
110101011
What is -75a (base 15) in base 10?
-1660
1100111011110000 (base 2) to base 6
1045132
Convert 4585 (base 14) to base 7.
50125
Convert -6020 (base 11) to base 6.
-101024
12d (base 15) to base 2
100001100
What is -100333 (base 4) in base 14?
-579
Convert 1000021021 (base 3) to base 14.
735d
What is 1525 (base 7) in base 3?
211111
What is 184 (base 9) in base 12?
111
What is -30b (base 14) in base 13?
-371
What is 3a5a (base 12) in base 8?
15046
What is -552 (base 7) in base 5?
-2112
1194 (base 11) to base 8
3023
What is 22204 (base 6) in base 11?
2369
-858 (base 9) to base 15
-31b
Convert 2121012 (base 3) to base 13.
b2a
Convert -74 (base 16) to base 8.
-164
1514 (base 11) to base 4
132133
Convert 51c (base 14) to base 13.
5c5
Convert 981 (base 10) to base 13.
5a6
22531 (base 6) to base 7
12253
4d27 (base 16) to base 14
72ab
-1a3 (base 11) to base 12
-176
What is -200222000 (base 3) in base 4?
-3120000
-110001111 (base 2) to base 14
-207
4296 (base 11) to base 4
1120213
What is -106 (base 12) in base 14?
-aa
What is 9232 (base 10) in base 8?
22020
What is -200010101 (base 3) in base 13?
-6025
Convert -10413 (base 5) to base 14.
-3a5
-2763 (base 8) to base 15
-6b8
What is 216026 (base 7) in base 10?
38093
Convert -253 (base 10) to base 9.
-311
What is -25809 (base 11) in base 10?
-36914
What is -50a (base 12) in base 11?
-604
Convert -4711 (base 10) to base 9.
-6414
What is -1307 (base 12) in base 7?
-6214
Convert 23220110 (base 4) to base 2.
1011101000010100
Convert 840 (base 12) to base 6.
5320
1048 (base 16) to base 13
1b88
-8213 (base 13) to base 15
-54a5
-1730 (base 9) to base 12
-923
What is -1321001 (base 4) in base 2?
-1111001000001
What is c0 (base 16) in base 6?
520
Convert -b025 (base 15) to base 16.
-9128
-166 (base 15) to base 13
-1b9
What is 100100011101 (base 2) in base 9?
3172
-10010000000 (base 2) to base 8
-2200
Convert -43565 (base 10) to base 11.
-2a805
What is -462a (base 11) in base 13?
-29cb
-b1c4 (base 13) to base 10
-24496
Convert -102002121 (base 3) to base 15.
-25e4
Convert 1cb (base 14) to base 11.
311
-1292 (base 15) to base 11
-2a82
Convert 122112 (base 3) to base 8.
731
What is 3213 (base 6) in base 16?
2d9
Convert -2002012 (base 4) to base 5.
-231301
Convert 28379 (base 11) to base 12.
1b44b
111 (base 2) to base 11
7
What is -110011001 (base 3) in base 4?
-2022121
-24172 (base 12) to base 10
-48614
Convert 37667 (base 9) to base 10.
25333
Convert -27639 (base 13) to base 11.
-50